{"id":513,"date":"2025-01-06T19:05:59","date_gmt":"2025-01-06T19:05:59","guid":{"rendered":"https:\/\/dev.culinar.se\/?post_type=genvag&#038;p=513"},"modified":"2025-01-06T19:05:59","modified_gmt":"2025-01-06T19:05:59","slug":"rubrik-for-en-genvag-med-en-langre-rubrik","status":"publish","type":"genvag","link":"https:\/\/culinar.com\/da\/genvag\/rubrik-for-en-genvag-med-en-langre-rubrik\/","title":{"rendered":"Rubrik f\u00f6r en genv\u00e4g med en l\u00e4ngre rubrik"},"template":"","meta":{"_acf_changed":false},"class_list":["post-513","genvag","type-genvag","status-publish","hentry"],"acf":[],"_links":{"self":[{"href":"https:\/\/culinar.com\/da\/wp-json\/wp\/v2\/genvag\/513","targetHints":{"allow":["GET"]}}],"collection":[{"href":"https:\/\/culinar.com\/da\/wp-json\/wp\/v2\/genvag"}],"about":[{"href":"https:\/\/culinar.com\/da\/wp-json\/wp\/v2\/types\/genvag"}],"wp:attachment":[{"href":"https:\/\/culinar.com\/da\/wp-json\/wp\/v2\/media?parent=513"}],"curies":[{"name":"wp","href":"https:\/\/api.w.org\/{rel}","templated":true}]}}

Rubrik för en genväg med en längre rubrik
